ppose 0 = -49*t + 239 + 153. What is s(t)?
8
Suppose -3*r = 9, 0*m - 2*m - r = -1. Suppose k - m*k + 4*q = 19, -5*k + 5*q = 20. Let s(b) be the first derivative of 2*b**2 + 73. Give s(k).
4
Let o(q) be the third derivative of q**4/4 - 5*q**3/6 + 143*q**2 - 3*q + 4. Let l(m) = -m**2 + 4*m. Let a be l(2). Determine o(a).
19
Suppose 847 - 885 = 3*c - 5*b, -5*b + 20 = 0. Let w(x) = -x**2 - 7*x + 2. Calculate w(c).
8
Suppose -5*w = -3*p - 18, 2*p + 42 = -p + w. Let v(q) = q**3 + 17*q**2 + 10*q - 97. Determine v(p).
-1
Let y(p) = p - 4. Let j be 1/2 + ((-54)/(-12) - 4). Suppose -q = 3*s + 2*s - j, -3*q = s - 3. Let u = 5 - s. What is y(u)?
1
Let p(b) = 37*b**3 - b**2 - b + 4. Let c be p(3). Let n(g) = -7*g + 991 - c + g**2. Let z be -6*((-32)/12)/2. What is n(z)?
8
Let l(j) = 1010 + 1356 - 2366 + 82*j. Give l(1).
82
Let c(n) be the first derivative of n**3/3 + 13*n**2 - 64*n + 12383. What is c(-28)?
-8
Let p(a) = 5*a - 5. Let l be p(1). Let n be (l/(-5))/4 - (-3 - 1). Let h(m) = m**2 - 5. What is h(n)?
11
Let a(j) = -j**2 - 10*j + 10. Let d be (-2 - (-16)/(-12))*(-1176)/(-490). Determine a(d).
26
Let w be (-1 - 4)*3/(-9) + 2773/(-141). Let h(z) = z**3 + 18*z**2 + 2*z + 9. What is h(w)?
-27
Let k(j) = 23*j**2 + 33*j + 20. Let m(n) = -52*n**2 - 67*n - 42. Let t(f) = -9*k(f) - 4*m(f). Determine t(29).
-12
Suppose 28*n + 48 = 3*m + 23*n, 3*m + 3*n - 24 = 0. Let s(z) = z**2 - 19*z + 84. Give s(m).
-4
Suppose 24 = -4*n - 4*i, -n - i = -4*i - 14. Let a be (-2)/(-3)*(n - -4). Let o(s) = 4*s**2 - s + 0*s - s**3 + 0*s + 2 - a*s. What is o(4)?
-10
Let z(q) = -q**2 + 25*q - 89. Suppose 12 = -4*r - 2*t + 94, 2*r + 2*t - 40 = 0. Calculate z(r).
-5
Let j(n) be the second derivative of -1/3*n**3 - 78*n + 0 + 3*n**2. Determine j(12).
-18
Let s(t) be the second derivative of -t**5/20 - 4*t**4/3 + 35*t**3/6 - 13*t**2 + 54*t. What is s(-18)?
-8
Let d = -19 - -13. Let z(h) = -9 + 9*h - 5 + 9*h**2 - 7*h - 14*h. Let c(v) = -7*v**2 + 11*v + 13. Let m(f) = -5*c(f) - 4*z(f). Give m(d).
-3
Let d(i) = -13*i + 554. Let c be d(42). Let u(g) = -g**3 + 8*g**2 + 2*g - 20. Determine u(c).
-4
Let g(i) = 360 + 3*i + 368 - 731. Suppose -3*x - 7 - 2 = 0. Calculate g(x).
-12
Let b be (-3)/(-21) - ((-26)/14 - -5). Let x(u) = -u + 8. What is x(b)?
11
Let p(m) be the third derivative of m**4/12 + 5*m**3 - 450*m**2. What is p(-13)?
4
Let m = 2 + 1. Let k be 2/24 - (-781)/132. Let y(x) = k*x - 14*x + 4*x + 2 + 7*x - 3*x**2. What is y(m)?
-16
Let j(g) be the first derivative of -g**3 + g**2 - 10*g + 1. Let f(t) = 2*t**2 - 2*t + 9. Let l(p) = -4*f(p) - 3*j(p). Calculate l(-5).
9
Let z = 8 - 5. Let m(g) = -g**3 - 42*g**2 - 3*g + 1. Let l(p) = p**3 + 64*p**2 + 3*p - 2. Let d(j) = 2*l(j) + 3*m(j). Give d(z).
-19
Let o(p) = -p**3 + 8*p**2 - p - 18. Suppose -841*c = -819*c - 176. Determine o(c).
-26
Let l(k) = -17*k - 236. Suppose 94*n = 80*n - 196. Give l(n).
2
Let m(k) be the first derivative of -k**4/4 - 7*k**3 - 18*k**2 + 38*k - 91. Let b be m(-19). Let z(j) = -j**2 + j + 5. Determine z(b).
5
Let c be (11 - 1)*(-2)/(-4). Let m be -1 + 4 + (-5)/c. Let i(f) be the third derivative of f**4/24 - 2*f**3/3 + 2*f**2. What is i(m)?
-2
Suppose 0 = -u - 4*u + 25. Let x be 45/4 - (-9)/12. Let q(t) = -x*t + 1 + 11*t + 8. What is q(u)?
4
Suppose -5 = -j + 26. Suppose 27*p - j*p = -12. Let o(b) = -b**3 + b**2 + b - 3. Give o(p).
-18
Let m(b) = -7*b - 3. Suppose -513 = -22*u - 35*u. Suppose 4*z + 51 = -2*i + 41, -i = 3*z + u. What is m(i)?
-24
Let c be (-8)/(-3) + 6/(-9). Let g = 1 - c. Let i(m) = 1 + 95*m**3 - 46*m**3 - 14*m**3 - 42*m**3 - m**2. Calculate i(g).
7
Let q(c) = -13*c**2 + 2*c - 1. Let y be ((-13)/((-364)/(-8)))/(32/(-112)). Determine q(y).
-12
Suppose -4*c + o + 102 = 2*o, 0 = -5*c + 2*o + 134. Let n be 303/(-15) - 2/(-10). Let w = n + c. Let a(i) = i**2 - 8*i + 7. What is a(w)?
-5
Let b(y) = -y**3 - 7*y**2 - 6*y - 2. Let w be 0 + 45/(-7) - (3072/(-224))/(-24). What is b(w)?
40
Suppose -4*z - 3*u - 381 = -408, -5*z + 60 = -5*u. Let f(g) = -g**3 + 8*g**2 + 6*g + 25. What is f(z)?
-2
Let b(c) = 2*c**3 + 6*c**2 + 7*c - 2. Let p(a) = 3*a**3 + 12*a**2 + 13*a - 3. Let v(y) = -5*b(y) + 3*p(y). Determine v(6).
25
Let c = 115 - 111. Let u(t) = -27*t + 9*t + 16*t - c. Suppose -5*l = -5*h + 25, 3*l - 3*h + 15 = 6*l. Give u(l).
-4
Suppose a - 4 = -r, 0*r = 3*a + r - 6. Let w(l) be the first derivative of 9/2*l**2 + 58 + 0*l. What is w(a)?
9
Let u(i) = 234*i - 3 - 106*i - 123*i. Let n = -9 - -12. What is u(n)?
12
Let s(v) be the first derivative of -v**4/4 + 4*v**3/3 - v**2 - 4*v - 1. Let j = 63956 + -63952. Calculate s(j).
-12
Let y(n) = 121*n - 1095. Let g be y(9). Let l(d) be the third derivative of -d**5/60 - d**4/4 + 2*d**3 + 28*d**2. What is l(g)?
12
Let q(o) be the third derivative of -o**5/60 + 3*o**4/8 - 15*o**3/2 - 2*o**2 + 3*o - 208. Determine q(6).
-27
Let n(f) = 88*f + 39. Let t(z) = 239*z + 115. Let v(q) = 11*n(q) - 4*t(q). Determine v(10).
89
Let n be (-12)/(-15)*10/(-2). Let c be (-13 - 1)*(-2)/n. Let k(r) = 2759 + 20*r**3 - 2754 + 14*r**3 - 35*r**3 - 7*r**2. What is k(c)?
5
Let y(t) = 3596 + 467*t - 3602 - 458*t. What is y(10)?
84
Let f(p) = -p**2 - 10*p + 24. Let a be (1 - 5)*(-36 + 37). Let l(b) = -4*b**2 - 10*b + 12. Let i be l(a). Give f(i).
0
Let q(t) = -t**2 + 2*t - 7. Let c be ((-9)/(-15))/(1*5/150). Suppose 0 = -8*a + c + 6. What is q(a)?
-10
Let l(i) be the second derivative of -i**5/10 + i**4/6 + i**3/3 - i. Let z be (-5 - -8) + 4/(-2) - 91. Let g be 14/6 - -5*6/z. Give l(g).
-4
Let z(r) = r**2 + 7*r + 93 + 85 - 182. Suppose 5*u = -4*q - 16, -16 = 4*q + 2*u + u. Give z(q).
-16
Suppose -4*r - 10 = 5*m, 4*m + 4*r + 13 = 1. Let f(u) = -7*u + 6 + 5*u**2 - 6*u**m + 0 + 4*u. Calculate f(-6).
-12
Let d be (4/6)/(190/2565). Suppose m + 4*s = 2*m + 16, -5*s + 41 = 4*m. Suppose m*y = -d - 11. Let x(j) = j**3 + 4*j**2 - 3*j + 1. Give x(y).
-9
Let r(i) be the second derivative of -11*i**4/12 + 4*i**3/3 - i**2 + 106*i + 3. Give r(1).
-5
Let k(u) = -u**2 - 6*u - 9. Let o(x) = x**2 - 11*x - 23. Let h be o(13). Suppose h*g = -j - 4, 3*j - 2*j = 3*g + 8. Suppose j*s = -18 + 6. What is k(s)?
-9
Let n(c) = c - 1. Let h(d) = -5*d**3 - 6*d**2 + 1. Suppose 2*i - 7*i + 10 = 0. Let o be h(i). Let s = -57 - o. Give n(s).
5
Let f(s) = -s**3 - 11*s**2 + s + 20. Let z be f(-11). Let g be 1/((-1)/(-8)) - 3. Let v(p) = p - g*p + z*p. What is v(-1)?
-5
Suppose -8*g = -1 - 79. Let c(q) = -11*q**3 + 14*q**3 - 2*q**2 - 12 + g. Calculate c(2).
14
Let r(o) = -o**2 - 4*o. Suppose 0 = -5*z + 3*z + 142. Let x = z - 67. Let w be x + (-4)/1 + -4. Calculate r(w).
0
Let g(c) = -c. Let t(z) = 3*z - 1. Let x(l) = 5*g(l) - t(l). Let j(r) = 17*r - 50. Let s be j(3). Calculate x(s).
-7
Let n(i) be the second derivative of i**5/20 - 13*i**4/12 + 23*i**3/6 - 3*i**2/2 - 1597*i. What is n(11)?
8
Let b = -2914 - -2912. Let q(h) = h**3 - h**2 - h + 2. What is q(b)?
-8
Let y = 143 + -139. Let x(i) = -3 + 5 + y*i**2 - 129*i**3 + 2 - 4*i + 130*i**3. Determine x(-5).
-1
Let a be 20/50 - (-76)/10. Let c(g) be the third derivative of -g**5/60 + g**4/3 + 11*g**3/6 + 3*g**2 + 5*g + 72. What is c(a)?
11
Let q(b) = -b**3 - 17*b**2 + 37*b + 8. Let z be q(-19). Suppose -4*o - t + 6*t + z = 0, 0 = -5*o + 2*t + 38. Let c(a) = -8 - 1 + 8 - o*a + a**2. Give c(6).
-13
Let p(o) = -o - 38. Suppose 0 = -35*i + 177 - 1367. Let q be p(i). Let c(k) be the second derivative of k**3/3 + 2*k**2 + k. Calculate c(q).
-4
Let j(p) = -p**3 - p**2 + p - 1. Let m(a) = -6*a**3 - 4*a**2 + 5*a - 6. Let k(s) = -5*j(s) + m(s). Let g = 114 + -110. Let n be (1 - -1)*5*g/(-40). Give k(n).
1
Let g(j) be the first derivative of -6*j - 1/4*j**4 + 13/2*j**2 - 31 - 4*j**3. Give g(-13).
-6
Let d(w) = 40*w - 53*w**2 - 102 - 172 - 97 + 52*w**2. Determine d(26).
-7
Let b(h) be the second derivative of 2 + 0*h**4 + h**2 + 1/20*h**5 + 1/6*h**3 + 22*h. Determine b(0).
2
Let y(f) = 2*f**2 - 32*f + 31. Suppose -49 = -5*c + g - 11, 5*c + 3*g - 26 = 0. Let t(x) = 3*x**2 - 47*x + 46. Let b(v) = c*y(v) - 5*t(v). Determine b(11).
-13
Let v(t) = -25*t + t - t - 26 + 4*t + 85 + 2*t**2. Give v(5).
4
Let l(s) = 12 - 211*s + 4 + 72*s + 67*s + 8 + 68*s. Suppose -n - 28 = -6*n + 3*a, -3*n - 5*a = -44. Calculate l(n).
-8
Let i(b) be the second derivative of 1/2*b**2 + 4/3*b**3 + 17*b + 1. Calculat